{"id":1513,"date":"2023-03-05T17:22:51","date_gmt":"2023-03-05T17:22:51","guid":{"rendered":"http:\/\/sjcsemaborto.com.br\/catalyst\/?page_id=1513"},"modified":"2023-03-05T17:22:52","modified_gmt":"2023-03-05T17:22:52","slug":"entidades-pro-vida","status":"publish","type":"page","link":"http:\/\/sjcsemaborto.com.br\/index.php\/entidades-pro-vida\/","title":{"rendered":"Entidades pr\u00f3-vida"},"content":{"rendered":"\n<ul class=\"wp-block-list\">\n<li>Casa Pr\u00f3-Vida M\u00e3e Imaculada<\/li>\n\n\n\n<li>Casa Luz \u2013 Fortaleza (CE)<\/li>\n\n\n\n<li>Casa Mater Rainha da Paz \u2013 Canoinhas (SC)<\/li>\n\n\n\n<li>Brasil Sem Aborto \u2013 Movimento Nacional de Cidadania pela Vida \u2013 Bras\u00edlia (DF)<\/li>\n\n\n\n<li>Associa\u00e7\u00e3o Guadalupe \u2013 S\u00e3o Jos\u00e9 dos Campos (SP)<\/li>\n\n\n\n<li>Casa da Gestante Pr\u00f3-Vida S\u00e3o Frei Galv\u00e3o \u2013 Nil\u00f3polis (RJ)<\/li>\n\n\n\n<li>Pr\u00f3-Vida de An\u00e1polis \u2013 An\u00e1polis (GO)<\/li>\n\n\n\n<li>Comunidade Santos Inocentes \u2013 Bras\u00edlia (DF)<\/li>\n\n\n\n<li>Miss\u00e3o Fiat \u2013 Campinas (SP)<\/li>\n\n\n\n<li>Movida \u2013 Fortaleza (CE)<\/li>\n<\/ul>\n","protected":false},"excerpt":{"rendered":"","protected":false},"author":1,"featured_media":0,"parent":0,"menu_order":0,"comment_status":"closed","ping_status":"closed","template":"","meta":{"footnotes":""},"class_list":["post-1513","page","type-page","status-publish"],"_links":{"self":[{"href":"http:\/\/sjcsemaborto.com.br\/index.php\/wp-json\/wp\/v2\/pages\/1513","targetHints":{"allow":["GET"]}}],"collection":[{"href":"http:\/\/sjcsemaborto.com.br\/index.php\/wp-json\/wp\/v2\/pages"}],"about":[{"href":"http:\/\/sjcsemaborto.com.br\/index.php\/wp-json\/wp\/v2\/types\/page"}],"author":[{"embeddable":true,"href":"http:\/\/sjcsemaborto.com.br\/index.php\/wp-json\/wp\/v2\/users\/1"}],"replies":[{"embeddable":true,"href":"http:\/\/sjcsemaborto.com.br\/index.php\/wp-json\/wp\/v2\/comments?post=1513"}],"version-history":[{"count":1,"href":"http:\/\/sjcsemaborto.com.br\/index.php\/wp-json\/wp\/v2\/pages\/1513\/revisions"}],"predecessor-version":[{"id":1514,"href":"http:\/\/sjcsemaborto.com.br\/index.php\/wp-json\/wp\/v2\/pages\/1513\/revisions\/1514"}],"wp:attachment":[{"href":"http:\/\/sjcsemaborto.com.br\/index.php\/wp-json\/wp\/v2\/media?parent=1513"}],"curies":[{"name":"wp","href":"https:\/\/api.w.org\/{rel}","templated":true}]}}

Entidades pró-vida

<ul class="wp-block-list">
<li>Casa Pró-Vida Mãe Imaculada</li>



<li>Casa Luz – Fortaleza (CE)</li>



<li>Casa Mater Rainha da Paz – Canoinhas (SC)</li>



<li>Brasil Sem Aborto – Movimento Nacional de Cidadania pela Vida – Brasília (DF)</li>



<li>Associação Guadalupe – São José dos Campos (SP)</li>



<li>Casa da Gestante Pró-Vida São Frei Galvão – Nilópolis (RJ)</li>



<li>Pró-Vida de Anápolis – Anápolis (GO)</li>



<li>Comunidade Santos Inocentes – Brasília (DF)</li>



<li>Missão Fiat – Campinas (SP)</li>



<li>Movida – Fortaleza (CE)</li>
</ul>
